igit of 529948?
8
What is the tens digit of 84580?
8
What is the units digit of 14796159?
9
What is the thousands digit of 1437796?
7
What is the hundred thousands digit of 2019940?
0
What is the ten thousands digit of 3582599?
8
What is the ten thousands digit of 181155?
8
What is the units digit of 1660100?
0
What is the hundreds digit of 675127?
1
What is the tens digit of 30179602?
0
What is the thousands digit of 130657?
0
What is the thousands digit of 1822517?
2
What is the hundreds digit of 169602?
6
What is the hundreds digit of 1689562?
5
What is the units digit of 23582488?
8
What is the tens digit of 870711?
1
What is the hundred thousands digit of 1272232?
2
What is the ten millions digit of 19092030?
1
What is the hundreds digit of 885630?
6
What is the thousands digit of 345213?
5
What is the ten thousands digit of 6117553?
1
What is the thousands digit of 680873?
0
What is the hundred thousands digit of 10596855?
5
What is the ten thousands digit of 41904?
4
What is the thousands digit of 443815?
3
What is the tens digit of 189004?
0
What is the tens digit of 210321?
2
What is the thousands digit of 15083528?
3
What is the units digit of 211855?
5
What is the thousands digit of 239207?
9
What is the tens digit of 8482734?
3
What is the hundreds digit of 353387?
3
What is the thousands digit of 917309?
7
What is the hundred thousands digit of 895158?
8
What is the hundred thousands digit of 1173980?
1
What is the millions digit of 9028689?
9
What is the tens digit of 7637611?
1
What is the hundred thousands digit of 11989960?
9
What is the hundreds digit of 224133?
1
What is the ten thousands digit of 148695?
4
What is the thousands digit of 794824?
4
What is the tens digit of 1962444?
4
What is the ten thousands digit of 6345085?
4
What is the ten thousands digit of 524737?
2
What is the hundred thousands digit of 1737298?
7
What is the tens digit of 32053?
5
What is the ten millions digit of 15316897?
1
What is the ten thousands digit of 230807?
3
What is the millions digit of 11333024?
1
What is the thousands digit of 2280004?
0
What is the hundred thousands digit of 1733185?
7
What is the ten thousands digit of 206586?
0
What is the hundreds digit of 106708?
7
What is the thousands digit of 869873?
9
What is the units digit of 1295107?
7
What is the thousands digit of 2676335?
6
What is the thousands digit of 4945103?
5
What is the tens digit of 215354?
5
What is the thousands digit of 206260?
6
What is the ten thousands digit of 1195938?
9
What is the millions digit of 1988974?
1
What is the hundred thousands digit of 189338?
1
What is the hundred thousands digit of 508223?
5
What is the hundreds digit of 1694301?
3
What is the ten thousands digit of 16008126?
0
What is the units digit of 5491293?
3
What is the units digit of 42113?
3
What is the thousands digit of 4942672?
2
What is the hundred thousands digit of 2784311?
7
What is the tens digit of 621051?
5
What is the units digit of 325599?
9
What is the tens digit of 2346549?
4
What is the millions digit of 1396141?
1
What is the millions digit of 1096134?
1
What is the tens digit of 514335?
3
What is the hundred thousands digit of 379666?
3
What is the tens digit of 547111?
1
What is the units digit of 212485?
5
What is the tens digit of 3114133?
3
What is the tens digit of 151488?
8
What is the millions digit of 10296563?
0
What is the hundred thousands digit of 1185715?
1
What is the hundreds digit of 896883?
8
What is the tens digit of 5700465?
6
What is the hundred thousands digit of 589425?
5
What is the thousands digit of 991436?
1
What is the hundreds digit of 559986?
9
What is the thousands digit of 225056?
5
What is the units digit of 3046753?
3
What is the tens digit of 49640?
4
What is the hundred thousands digit of 2999255?
9
What is the millions digit of 2514942?
2
What is the millions digit of 2141235?
2
What is the thousands digit of 93155?
3
What is the thousands digit of 717471?
7
What is the hundred thousands digit of 120304?
1
What is the thousands digit of 258359?
8
What is the ten thousands digit of 2025911?
2
What is the hundreds digit of 3605375?
3
What is the units digit of 2882046?
6
What is the millions digit of 4084490?
4
What is the hundreds digit of 270036?
0
What is the hundreds digit of 377435?
4
What is the thousands digit of 1308378?
8
What is the thousands digit of 145138?
5
What is the thousands digit of 664428?
4
What is the tens digit of 110558?
5
What is the tens digit of 163833?
3
What is the thousands digit of 139827?
9
What is the thousands digit of 13743?
3
What is the ten thousands digit of 6866631?
6
What is the thousands digit of 40640633?
0
What is the units digit of 931418?
8
What is the ten thousands digit of 1415296?
1
What is the tens digit of 22297858?
5
What is the tens digit of 218639?
3
What is the tens digit of 16439735?
3
What is the units digit of 4624526?
6
What is the units digit of 402369?
9
What is the thousands digit of 19287090?
7
What is the units digit of 924914?
4
What is the thousands digit of 1196759?
6
What is the thousands digit of 2923728?
3
What is the thousands digit of 4365487?
5
What is the ten thousands digit of 443954?
4
What is the millions digit of 1426713?
1
What is the tens digit of 28816?
1
What is the millions digit of 4245955?
4
What is the units digit of 994368?
8
What is the millions digit of 8529375?
8
What is the thousands digit of 6487425?
7
What is the hundred thousands digit of 1745380?
7
What is the thousands digit of 15859575?
9
What is the ten thousands digit of 241939?
4
What is the thousands digit of 1909764?
9
What is the hundreds digit of 292938?
9
What is the hundreds digit of 37005?
0
What is the ten thousands digit of 428968?
2
What is the units digit of 401405?
5
What is the units digit of 3174437?
7
What is the millions digit of 1272144?
1
What is the units digit of 122039?
9
What is the hundred thousands digit of 309426?
3
What is the hundreds digit of 1283991?
9
What is the hundred thousands digit of 1856182?
8
What is the thousands digit of 1826360?
6
What is the ten millions digit of 22565026?
2
What is the hundred thousands digit of 1311549?
3
What is the ten thousands digit of 432527?
3
What is the hundred thousands digit of 220191?
2
What is the hundreds digit of 894185?
1
What is the tens digit of 3744106?
0
What is the ten thousands digit of 2245016?
4
What is the ten millions digit of 12024203?
1
What is the tens digit of 736264?
6
What is the hundreds digit of 5256142?
1
What is the ten thousands digit of 294083?
9
What is the hundreds digit of 8186794?
7
What is the tens digit of 548094?
9
What is the units digit of 545436?
6
What is the tens digit of 177397?
9
What is the ten thousands digit of 2061861?
6
What is the hundred thousands digit of 41353164?
3
What is the tens digit of 959226?
2
What is the units digit of 4010995?
5
What is the tens digit of 6357442?
4
What is the millions digit of 1140733?
1
What is the millions digit of 1809379?
1
What is the hundred thousands digit of 2862647?
8
What is the millions digit of 2074138?
2
What is the ten thousands digit of 6166126?
6
What is the tens digit of 10097251?
5
What is the thousands digit of 2757718?
7
What is the ten thousands digit of 149839?
4
What is the hundred thousands digit of 464932?
4
What is the tens digit of 21259378?
7
What is the hundred thousands digit of 1561434?
5
What is the hundred thousands digit of 453280?
4
What is the ten millions digit of 10929800?
1
What is the hundreds digit of 287776?
7
What is the ten thousands digit of 2417311?
1
What is the millions digit of 15773416?
5
What is the units digit of 330813?
3
What is the units digit of 5641996?
6
What is the tens digit of 79319?
1
What is the thousands digit of 4241056?
1
What is the thousands digit of 373014?
3
What is the units digit of 1128588?
8
What is the thousands digit of 521580?
1
What is the hundred thousands digit of 3576384?
5
What is the units digit of 7477494?
4
What is the hundred thousands digit of 4359675?
3
What is the ten thousands digit of 30947757?
4
What is the thousands digit of 1834708?
4
What is the tens digit of 747660?
6
What is the tens digit of 1256056?
5
What is the tens digit of 101833?
